me factors of 344052445.
5, 11, 103, 60733
List the prime factors of 39040927.
3301, 11827
List the prime factors of 48423641.
7, 6917663
List the prime factors of 232050951.
3, 11, 2343949
List the prime factors of 2062868648.
2, 71, 3631811
What are the prime factors of 89601150?
2, 3, 5, 19, 149, 211
What are the prime factors of 3931143522?
2, 3, 127, 797, 6473
List the prime factors of 39993087.
3, 227, 58727
List the prime factors of 1273695857.
7, 3713399
List the prime factors of 139007585.
5, 29, 958673
List the prime factors of 61161399.
3, 13, 19, 1019
List the prime factors of 13642031.
13, 1049387
List the prime factors of 40863349.
29, 48589
List the prime factors of 56621021.
29, 1952449
What are the prime factors of 15959646?
2, 3, 337, 877
What are the prime factors of 119799378?
2, 3, 83, 26729
List the prime factors of 44144762.
2, 673, 32797
What are the prime factors of 2635837664?
2, 233, 467, 757
What are the prime factors of 46403695?
5, 13, 713903
List the prime factors of 16870382.
2, 8435191
What are the prime factors of 492393415?
5, 98478683
List the prime factors of 2321973548.
2, 1181, 491527
List the prime factors of 4121879.
19, 401, 541
List the prime factors of 3973345808.
2, 17, 14607889
What are the prime factors of 257544716?
2, 11, 13, 37, 43, 283
What are the prime factors of 469408246?
2, 12347, 19009
List the prime factors of 266052049.
61, 4361509
List the prime factors of 238450792.
2, 37, 113, 7129
List the prime factors of 2665537079.
11833, 225263
What are the prime factors of 1072461201?
3, 7, 17, 53, 56681
What are the prime factors of 1118526240?
2, 3, 5, 13, 79, 2269
List the prime factors of 3589232276.
2, 7, 223, 607, 947
List the prime factors of 1218916.
2, 304729
List the prime factors of 47145316.
2, 359, 32831
List the prime factors of 5116895277.
3, 13, 607, 216149
List the prime factors of 5038000499.
7, 19, 5153, 7351
List the prime factors of 327443157.
3, 23, 199, 7949
List the prime factors of 2041160800.
2, 5, 7, 389, 937
What are the prime factors of 79763840?
2, 5, 13, 9587
What are the prime factors of 121599544?
2, 11, 19, 72727
What are the prime factors of 23612600?
2, 5, 11, 10733
What are the prime factors of 221231973?
3, 73743991
What are the prime factors of 73992356?
2, 167, 257, 431
List the prime factors of 20822597.
109, 191033
List the prime factors of 106581185.
5, 21316237
What are the prime factors of 1959485756?
2, 17, 28815967
What are the prime factors of 737541159?
3, 67, 3669359
What are the prime factors of 2933518580?
2, 5, 1063, 137983
List the prime factors of 85196128.
2, 67, 79, 503
List the prime factors of 1941641510.
2, 5, 41, 4735711
List the prime factors of 2153832116.
2, 67, 127, 63281
List the prime factors of 804935354.
2, 402467677
What are the prime factors of 85599041?
11, 7781731
List the prime factors of 6513975795.
3, 5, 29, 14974657
List the prime factors of 5135105324.
2, 3727, 344453
What are the prime factors of 589951669?
29, 31, 107, 6133
What are the prime factors of 69740754?
2, 3, 19, 41, 43, 347
What are the prime factors of 403261293?
3, 769, 174799
List the prime factors of 305580641.
2797, 109253
What are the prime factors of 1252961547?
3, 23, 107, 169709
List the prime factors of 52895957.
52895957
List the prime factors of 3940606268.
2, 41, 79, 304153
List the prime factors of 709224476.
2, 19, 719, 12979
List the prime factors of 129780811.
19, 6830569
What are the prime factors of 74744672?
2, 179, 13049
What are the prime factors of 2438666239?
31033, 78583
What are the prime factors of 2228423644?
2, 557105911
What are the prime factors of 3106667122?
2, 13, 67, 1783391
List the prime factors of 3010192696.
2, 7, 1097009
List the prime factors of 95615197.
131, 173, 4219
List the prime factors of 1365622712.
2, 3079, 55441
What are the prime factors of 11007563?
7, 1572509
What are the prime factors of 13940080?
2, 5, 7, 11, 31, 73
What are the prime factors of 841426015?
5, 97, 1734899
List the prime factors of 4268919739.
7, 1831, 47581
What are the prime factors of 45690940?
2, 5, 43, 53129
What are the prime factors of 3602531538?
2, 3, 23, 966863
List the prime factors of 1899589449.
3, 31, 163, 125311
What are the prime factors of 200129102?
2, 47, 83, 113, 227
List the prime factors of 394331822.
2, 197165911
List the prime factors of 1518247435.
5, 303649487
What are the prime factors of 560624870?
2, 5, 13, 4312499
What are the prime factors of 121874379?
3, 11, 19, 194377
What are the prime factors of 37990290?
2, 3, 5, 13, 29, 3359
What are the prime factors of 18504835?
5, 43, 86069
What are the prime factors of 319545617?
17, 18796801
What are the prime factors of 19139009?
19139009
List the prime factors of 6924648188.
2, 29, 31, 1925653
List the prime factors of 281014607.
17, 16530271
List the prime factors of 6940360902.
2, 3, 71, 107, 1423
What are the prime factors of 4717724273?
4717724273
List the prime factors of 205898199.
3, 13, 173, 30517
What are the prime factors of 106429881?
3, 35476627
List the prime factors of 732977150.
2, 5, 83, 239, 739
What are the prime factors of 42511629?
3, 41, 577, 599
List the prime factors of 55888460.
2, 5, 743, 3761
List the prime factors of 4688389459.
13, 43, 8387101
What are the prime factors of 1750289?
1750289
What are the prime factors of 567358651?
607, 934693
List the prime factors of 643029503.
643029503
List the prime factors of 2559600902.
2, 619, 2067529
List the prime factors of 349170467.
19, 179, 102667
What are the prime factors of 35525884?
2, 503, 17657
What are the prime factors of 3521410299?
3, 11, 113, 314777
What are the prime factors of 982787957?
53, 59, 467, 673
What are the prime factors of 514668159?
3, 1499, 38149
List the prime factors of 7143402610.
2, 5, 743, 961427
What are the prime factors of 860558787?
3, 11, 67, 137, 947
List the prime factors of 74204815.
5, 14840963
List the prime factors of 4857516645.
3, 5, 8839, 36637
What are the prime factors of 484381888?
2, 487, 15541
What are the prime factors of 240167284?
2, 7, 8577403
What are the prime factors of 4570208639?
4570208639
List the prime factors of 111548354.
2, 19, 31, 94693
What are the prime factors of 1894785335?
5, 499, 759433
What are the prime factors of 537196509?
3, 19896167
What are the prime factors of 100972246?
2, 59, 855697
List the prime factors of 76931089.
76931089
List the prime factors of 1058211270.
2, 3, 5, 19, 206279
What are the prime factors of 59537812?
2, 29, 513257
What are the prime factors of 3768953346?
2, 3, 17, 127, 293, 331
List the prime factors of 376676158.
2, 71, 127, 20887
List the prime factors of 58395677.
43, 1358039
List the prime factors of 159591449.
1669, 95621
What are the prime factors of 41550874?
2, 20775437
List the prime factors of 1481145906.
2, 3, 246857651
What are the prime factors of 28299934?
2, 13, 17, 43, 1489
List the prime factors of 17538499.
11, 151, 10559
What are the prime factors of 183063715?
5, 36612743
What are the prime factors of 65960946?
2, 3, 1221499
What are the prime factors of 27160894?
2, 103, 131849
What are the prime factors of 80270524?
2, 89, 225479
List the prime factors of 71423413.
19, 3759127
List the prime factors of 55152160.
2, 5, 7, 23, 2141
What are the prime factors of 61755241?
59, 61, 17159
What are the prime factors of 379935844?
2, 29, 3275309
List the prime factors of 968756755.
5, 37, 317, 16519
List the prime factors of 5092512565.
5, 7, 461, 547, 577
What are the prime factors of 125708487?
3, 157, 266897
What are the prime factors of 4073619764?
2, 17, 59906173
What are the prime factors of 217023894?
2, 3, 1093, 3677
What are the prime factors of 82171926?
2, 3, 4565107
What are the prime factors of 3308810998?
2, 47, 4679, 7523
List the prime factors of 72562768.
2, 89, 50957
List the prime factors of 230179495.
5, 7, 13, 31, 16319
What are the prime factors of 42493829?
7, 17, 139, 367
List the prime factors of 245916131.
53, 4639927
What are the prime factors of 34093351?
2017, 16903
List the prime factors of 818959824.
2, 3, 199, 28579
What are the prime factors of 64942056?
2, 3, 901973
List the prime factors of 946125995.
5, 19, 109, 91369
List the